{"id":65,"date":"2017-08-22T11:42:38","date_gmt":"2017-08-22T09:42:38","guid":{"rendered":"http:\/\/www.ggwax.de\/svbenhausen\/?page_id=65"},"modified":"2017-12-28T14:55:19","modified_gmt":"2017-12-28T13:55:19","slug":"vereinsvorstand","status":"publish","type":"page","link":"https:\/\/www.sv-benhausen.de\/?page_id=65","title":{"rendered":"Vereinsvorstand"},"content":{"rendered":"<h3 class=\"ce_headline first\">Der gesch\u00e4ftsf\u00fchrende Vorstand des SV Benhausen<\/h3>\n<div class=\"ce_image block\">\n<figure class=\"image_container\"><a href=\"https:\/\/www.sv-benhausen.de\/tl_files\/SV_Benhausen\/Gesamtverein\/Vereinsvorstand\/IMG_0828.JPG\" data-lightbox=\"b70602\"> <img loading=\"lazy\" decoding=\"async\" src=\"https:\/\/www.sv-benhausen.de\/assets\/images\/c\/IMG_0828.JPG-46375c2c.jpg\" alt=\"Vorstand\" width=\"450\" height=\"309\" \/> <\/a><\/figure>\n<\/div>\n<div class=\"ce_text block\">\n<div>von links:<\/div>\n<ul>\n<li>Herbert Henke (2. Vorsitzender f\u00fcr den sportlichen Bereich)<\/li>\n<li>Andreas M\u00fcller (1. Vorsitzender)<\/li>\n<li>Arnd Emmighausen\u00a0(2. Vorsitzender f\u00fcr den Verwaltungs- und Organisationsbereich)<\/li>\n<\/ul>\n<\/div>\n","protected":false},"excerpt":{"rendered":"<p>Der gesch\u00e4ftsf\u00fchrende Vorstand des SV Benhausen von links: Herbert Henke (2. Vorsitzender f\u00fcr den sportlichen Bereich) Andreas M\u00fcller (1. Vorsitzender) Arnd Emmighausen\u00a0(2. Vorsitzender f\u00fcr den Verwaltungs- und Organisationsbereich)<\/p>\n","protected":false},"author":1,"featured_media":0,"parent":0,"menu_order":0,"comment_status":"closed","ping_status":"closed","template":"","meta":{"footnotes":""},"class_list":["post-65","page","type-page","status-publish","hentry"],"_links":{"self":[{"href":"https:\/\/www.sv-benhausen.de\/index.php?rest_route=\/wp\/v2\/pages\/65","targetHints":{"allow":["GET"]}}],"collection":[{"href":"https:\/\/www.sv-benhausen.de\/index.php?rest_route=\/wp\/v2\/pages"}],"about":[{"href":"https:\/\/www.sv-benhausen.de\/index.php?rest_route=\/wp\/v2\/types\/page"}],"author":[{"embeddable":true,"href":"https:\/\/www.sv-benhausen.de\/index.php?rest_route=\/wp\/v2\/users\/1"}],"replies":[{"embeddable":true,"href":"https:\/\/www.sv-benhausen.de\/index.php?rest_route=%2Fwp%2Fv2%2Fcomments&post=65"}],"version-history":[{"count":2,"href":"https:\/\/www.sv-benhausen.de\/index.php?rest_route=\/wp\/v2\/pages\/65\/revisions"}],"predecessor-version":[{"id":149,"href":"https:\/\/www.sv-benhausen.de\/index.php?rest_route=\/wp\/v2\/pages\/65\/revisions\/149"}],"wp:attachment":[{"href":"https:\/\/www.sv-benhausen.de\/index.php?rest_route=%2Fwp%2Fv2%2Fmedia&parent=65"}],"curies":[{"name":"wp","href":"https:\/\/api.w.org\/{rel}","templated":true}]}}