{"id":62,"date":"2017-08-22T11:41:07","date_gmt":"2017-08-22T09:41:07","guid":{"rendered":"https:\/\/www.sv-benhausen.de\/wp\/?page_id=62"},"modified":"2018-01-26T19:07:21","modified_gmt":"2018-01-26T18:07:21","slug":"hauptverein","status":"publish","type":"page","link":"https:\/\/www.sv-benhausen.de\/?page_id=62","title":{"rendered":"Hauptverein"},"content":{"rendered":"<div id=\"main\">\n<div class=\"inside\">\n<div id=\"der-vorstand\" class=\"mod_article first last block\">\n<h1 class=\"ce_headline first\">SVB-Vereinsvorstand<\/h1>\n<div class=\"ce_text last block\">\n<p>Der Vereinsvorstand des SV Blau Wei\u00df Benhausen 1921 e.V. setzt sich aus dem gesch\u00e4ftsf\u00fchrenden und dem erweiterten Vorstand zusammen.<\/p>\n<p>Der gesch\u00e4ftsf\u00fchrende Vereinsvorstand:<\/p>\n<ul>\n<li>1. Vorsitzender<\/li>\n<li>2. Vorsitzender f\u00fcr den Verwaltungs- und Organisationsbereich<\/li>\n<li>2. Vorsitzender f\u00fcr den sportlichen Bereich<\/li>\n<\/ul>\n<p>Der\u00a0erweiterte Vereinsvorstand:<\/p>\n<ul>\n<li>Sozialwartin<\/li>\n<li>Beisitzer f\u00fcr Bauen und Finanzen<\/li>\n<li>Protokollf\u00fchrer<\/li>\n<li>Pressewart<\/li>\n<li>Abteilungsvorsitzender Breitensport<\/li>\n<li>Abteilungvorsitzender Fu\u00dfball Senioren<\/li>\n<li>Abteilungvorsitzender Fu\u00dfball Junioren<\/li>\n<li>Abteilungvorsitzende Frauengymnastik<\/li>\n<li>Abteilungvorsitzender Tanzsport<\/li>\n<li>Abteilungvorsitzender Tischtennis<\/li>\n<li>Abteilungvorsitzender Wandern<\/li>\n<\/ul>\n<\/div>\n<\/div>\n<\/div>\n<\/div>\n","protected":false},"excerpt":{"rendered":"<p>SVB-Vereinsvorstand Der Vereinsvorstand des SV Blau Wei\u00df Benhausen 1921 e.V. setzt sich aus dem gesch\u00e4ftsf\u00fchrenden und dem erweiterten Vorstand zusammen. Der gesch\u00e4ftsf\u00fchrende Vereinsvorstand: 1. Vorsitzender 2. Vorsitzender f\u00fcr den Verwaltungs- und Organisationsbereich 2. Vorsitzender f\u00fcr den sportlichen Bereich Der\u00a0erweiterte Vereinsvorstand: Sozialwartin Beisitzer f\u00fcr Bauen und Finanzen Protokollf\u00fchrer Pressewart Abteilungsvorsitzender Breitensport &hellip; <\/p>\n","protected":false},"author":1,"featured_media":0,"parent":0,"menu_order":0,"comment_status":"closed","ping_status":"closed","template":"","meta":{"footnotes":""},"class_list":["post-62","page","type-page","status-publish","hentry"],"_links":{"self":[{"href":"https:\/\/www.sv-benhausen.de\/index.php?rest_route=\/wp\/v2\/pages\/62","targetHints":{"allow":["GET"]}}],"collection":[{"href":"https:\/\/www.sv-benhausen.de\/index.php?rest_route=\/wp\/v2\/pages"}],"about":[{"href":"https:\/\/www.sv-benhausen.de\/index.php?rest_route=\/wp\/v2\/types\/page"}],"author":[{"embeddable":true,"href":"https:\/\/www.sv-benhausen.de\/index.php?rest_route=\/wp\/v2\/users\/1"}],"replies":[{"embeddable":true,"href":"https:\/\/www.sv-benhausen.de\/index.php?rest_route=%2Fwp%2Fv2%2Fcomments&post=62"}],"version-history":[{"count":2,"href":"https:\/\/www.sv-benhausen.de\/index.php?rest_route=\/wp\/v2\/pages\/62\/revisions"}],"predecessor-version":[{"id":180,"href":"https:\/\/www.sv-benhausen.de\/index.php?rest_route=\/wp\/v2\/pages\/62\/revisions\/180"}],"wp:attachment":[{"href":"https:\/\/www.sv-benhausen.de\/index.php?rest_route=%2Fwp%2Fv2%2Fmedia&parent=62"}],"curies":[{"name":"wp","href":"https:\/\/api.w.org\/{rel}","templated":true}]}}